)/(-3) + (-1)/3 is divided by 8.
7
Let x(o) = o**3 - 14*o**2 + 19*o + 5. Calculate the remainder when x(13) is divided by 14.
13
Suppose -5*l + 0*l = -5. Let i(c) = -c**2 + 4*c + 6. Calculate the remainder when i(5) is divided by l.
0
What is the remainder when (74/((-5)/5))/(-2) is divided by 8?
5
Let n = -8 - -9. Suppose 0*h - 8 = -4*h. Let w = 3 - h. Calculate the remainder when w is divided by n.
0
Let r = 7 + 3. Suppose 4*y = 6*y - 76. Calculate the remainder when y is divided by r.
8
Let w = -75 - -91. What is the remainder when 60 is divided by w?
12
Let w(k) = -2*k**3 - 4*k**2 + 13*k + 12. What is the remainder when w(-5) is divided by 20?
17
Suppose 3*f = -11 + 71. Let n = -7 + f. What is the remainder when n is divided by 7?
6
Let b = -66 - -85. What is the remainder when b is divided by 13?
6
Let n(m) be the first derivative of -m**4/4 + m**3/3 + 45*m - 4. Calculate the remainder when n(0) is divided by 12.
9
Let c(g) = -3*g + 7. Calculate the remainder when 84 is divided by c(-5).
18
Let s = -14 + 14. Suppose 3*a - 45 - 21 = -3*p, a - 5*p - 40 = s. What is the remainder when a is divided by 13?
12
Suppose c + 18 = 5*m - 0*c, 0 = -2*m - 2*c + 12. Suppose -m*n - 7 - 5 = 0. What is the remainder when 10 is divided by 6 - (n - -3)/1?
4
Let a(l) = 11*l**2 + 2*l + 1. What is the remainder when 291 is divided by a(2)?
46
Let m(u) = 26*u**2 + u. Suppose 4*b + 129 + 167 = 4*f, -2*f - 5*b = -141. Calculate the remainder when f is divided by m(-1).
23
Let l(r) = 2*r**2 - 2 - 8*r + 0*r**2 - 1. What is the remainder when l(8) is divided by 16?
13
Suppose -2*m = -46 - 40. Calculate the remainder when m is divided by 22.
21
Let z(c) = 3*c + 14. Calculate the remainder when z(8) is divided by 11.
5
Let g = 24 - 17. What is the remainder when 19 is divided by g?
5
Suppose -3*p = -173 - 370. Calculate the remainder when p is divided by 46.
43
Let q be (18/15)/(2/5). Suppose 0 = -z - q*z + 40. Let a(p) = p**2 + 5*p + 4. What is the remainder when a(-7) is divided by z?
8
Suppose 31 = n + 6. Let g = -3 + 0. Let v(j) = -4*j**3 - 3*j**2 + 3*j + 2. What is the remainder when v(g) is divided by n?
24
Suppose -5*q + 58 = g, -3*q = 3*g - 7*g - 44. Suppose 2*v - 18 = -4*d + 16, 4*d - v = 25. What is the remainder when q is divided by d?
5
Suppose 2*p - 18 = 86. Calculate the remainder when p is divided by 28.
24
Let p be ((-4)/(-3))/(4/(-18)). Let j be 52/(-14) + p/21. Let o = j + 15. What is the remainder when 21 is divided by o?
10
Let s(a) = a**2 - 5*a + 2. Let x be s(5). Suppose -2*c + 11 - 1 = 0, 0 = -r + 4*c - 13. Let i = r - x. What is the remainder when 8 is divided by i?
3
What is the remainder when 2/10*3*5 + 11 is divided by 12?
2
Let u = 1 + -4. Let o = 3 - u. Suppose 2*p = 5*n + 12, 2*n + 7 = 2*p - 11. Calculate the remainder when p is divided by o.
5
Let s = -9 + 20. Calculate the remainder when 6*(11 + -3 + -1) is divided by s.
9
Let k(i) = i + 5. Let d = 13 + -17. What is the remainder when 2 is divided by k(d)?
0
Let f be (-3)/2*(-12)/9. Suppose -2*d - f*o + 4 = -0*d, -d - 3*o + 2 = 0. Calculate the remainder when d is divided by 1.
0
Suppose -3*d - 8 = 2*t, -7*t = 5*d - 3*t + 16. Suppose -3*p + 11 + 7 = d. What is the remainder when p is divided by 2?
0
Suppose -5*u + 104 = 2*c, -4*c + 4 + 4 = 0. Calculate the remainder when 31 is divided by u.
11
Suppose -w + 5 - 1 = 0. Suppose 2*a - 5*a = 2*r - 5, w*r - 4 = 0. Let g(f) = 16*f**2 + f - 1. Calculate the remainder when 30 is divided by g(a).
14
Let p be 0 + -2 + 4 + -11. Let o = -20 - -31. Calculate the remainder when 948/30 + p/15 is divided by o.
9
Suppose 5*l - 175 + 60 = 0. Let w = 49 - 34. Let y = w + -7. What is the remainder when l is divided by y?
7
Let z(t) = -42*t**3 - 2*t**2 - 2*t - 1. Let d be z(-1). Let b = 102 - d. Suppose -37 = -4*l + 27. Calculate the remainder when b is divided by l.
13
Let o = 107 - 61. Suppose 5*t + u = 124, 0*u = 4*t - u - 92. What is the remainder when o is divided by t?
22
Suppose -2*d - d + 18 = 0. Suppose -3*k - 12 = -0*k. Let b = 7 - k. What is the remainder when b is divided by d?
5
Suppose 5*w - 39 = 41. What is the remainder when 30 is divided by w?
14
What is the remainder when 52 is divided by (-292)/(-16) + 0 + (-1)/4?
16
Let t = 41 + -35. Calculate the remainder when 49 is divided by t.
1
Suppose -789 = -18*o + 795. What is the remainder when o is divided by 19?
12
Let q be (-2)/3*(-102)/(-4). Let d = q + 19. What is the remainder when 5 is divided by d?
1
Let f = 11 - 18. Let j(x) = -x - 2. Let l be j(f). Calculate the remainder when 17 is divided by 86/10 - (-2)/l.
8
Suppose 17*d = 15*d + 6. Calculate the remainder when d is divided by 2.
1
Let l(b) = -b**2 - 8*b - 3. Let n be l(-3). Suppose d - n = -d. Calculate the remainder when (4 + 11/(-2))*138/(-9) is divided by d.
5
Suppose -d = -0*d - 13. Suppose 2*z + z = -6. What is the remainder when d is divided by (0 - -8) + (-3 - z)?
6
Let z = -6 - -9. Suppose 0 = 4*v - v - z*f - 9, -2*v - 5*f + 27 = 0. Calculate the remainder when 1 - (0 + (-20)/2) is divided by v.
5
Suppose -2*o + 3*o - 5 = -2*m, 0 = -3*m - 4*o + 10. Calculate the remainder when (-11)/m*(-7 - -5) is divided by 7.
4
Suppose -s + 34 = 4*n, s - 4*s + 3*n = -102. What is the remainder when s is divided by 12?
10
Suppose 0 = 2*t - t - 5. Suppose -t*x = -15 - 25. Calculate the remainder when 14 is divided by x.
6
Let t = 6 - 3. Suppose -6*p - 5*z + 45 = -p, 0 = 2*p - t*z + 7. Suppose -8 + 56 = 2*h + 4*v, h - 3*v - p = 0. What is the remainder when 30 is divided by h?
14
Let p(j) = -j**2 - 2*j - 1. Let o(v) = -2*v**2 - v. Let y(m) = -3*o(m) + 4*p(m). What is the remainder when y(7) is divided by 20?
19
Let f = -1 - -2. Let b be (1 - (f - 0))/(-1). Calculate the remainder when 2 is divided by (-2)/((-6)/3) + b.
0
Suppose 3*l + 0*l + 220 = -5*d, 116 = -3*d - 5*l. Let f = 0 - d. Let z = -16 - -32. What is the remainder when f is divided by z?
15
Let j(c) = -c**3 - 6*c**2 - 4*c - 8. Suppose 3*p = -3*r + 84, 0*p + p - 148 = -5*r. Calculate the remainder when r is divided by j(-6).
14
Let d(t) = 2*t - 3. Let o(y) = -y**2 + 8*y - 5. Let u be o(8). Let r = u - -6. Calculate the remainder when d(2) is divided by r.
0
Let v be 12/4*10/(-3). Let o = -8 - -38. Let z = o + v. Calculate the remainder when 39 is divided by z.
19
Suppose -x = 4*n - 71, -25 = -9*n + 4*n. What is the remainder when x is divided by 18?
15
Let f be (2/(-4))/(4/(-240)). Let v = f - -25. Calculate the remainder when v is divided by 14.
13
Suppose -5*s + 2*r = -20, -r = -s + 5 - 1. Suppose 0 = -2*y - 3*n + 29, 3*y + 3 = s*n + 38. What is the remainder when y is divided by 5?
3
Let j = 20 - 0. What is the remainder when 75 is divided by j?
15
Suppose -2*d = 4*y - 140, 3*d - 226 = y + y. What is the remainder when d is divided by 19?
17
Let i(z) = 42 - 6 + 5 + z. Let o be i(0). Suppose -5*s + 23 = 3*j - 2, -2*s = -5*j - o. Calculate the remainder when 14 is divided by s.
6
Let p(u) = -6*u - 9*u**2 + 2*u**2 + 6*u**2 - 1. Let x be p(-5). Suppose -5 = -x*w + 3. What is the remainder when w is divided by 2?
0
Let z be (-32)/4*(-1)/2. Suppose 0 = -5*q - 2*b + 14, q - 23 = -z*q + b. What is the remainder when 2 is divided by (1 + q - 2) + -2?
0
Suppose -5*j + 29 = 3*r - 80, 2*r - 2*j = 78. What is the remainder when r is divided by (-13)/(2 + -4 + 1)?
12
Let k be 10/6 + 2/6. Let u be -1 + 2 + 1 + k. What is the remainder when (9/2)/(u/8) is divided by 5?
4
Let p(g) = 6 + 7*g**2 - 3*g**3 + 0 + 4*g**3 + 0*g**3 + 5*g. Calculate the remainder when p(-6) is divided by 7.
5
Suppose -5*v = -20 - 0. What is the remainder when v is divided by 3?
1
Suppose 4*f = -13 + 1. Let c(n) = 6*n**2 + 2*n**2 - 2*n**2 + 3*n + 2. Calculate the remainder when c(f) is divided by 16.
15
Let f be 33/4 + 2/(-8). Let j = f + 8. Calculate the remainder when j is divided by 9.
7
Suppose 0 = -5*p - 3*j + 101, -p + 2*j + 25 = 5*j. What is the remainder when p is divided by 11?
8
Suppose -6*w + 0 = -18. Calculate the remainder when w is divided by 1.
0
Let o(x) = x + 13. Calculate the remainder when 53 is divided by o(5).
17
Let g = 106 + -59. Suppose 2*p - 66 = -p. Calculate the remainder when p is divided by g/4 + 1/4.
10
Let q = 40 + -28. Calculate the remainder when 46 is divided by q.
10
Suppose -20 - 2